
What is the remainder when 540 is divided by 69?
57
Calculate the remainder when 2519 is divided by 87.
83
Calculate the remainder when 98 is divided by 37.
24
Calculate the remainder when 262 is divided by 33.
31
Calculate the remainder when 235 is divided by 30.
25
What is the remainder when 629 is divided by 183?
80
Calculate the remainder when 1857 is divided by 186.
183
What is the remainder when 175 is divided by 51?
22
What is the remainder when 177 is divided by 94?
83
Calculate the remainder when 75 is divided by 38.
37
What is the remainder when 23 is divided by 6?
5
What is the remainder when 200 is divided by 64?
8
What is the remainder when 295 is divided by 294?
1
Calculate the remainder when 3099 is divided by 62.
61
What is the remainder when 74 is divided by 8?
2
Calculate the remainder when 928 is divided by 463.
2
What is the remainder when 6614 is divided by 144?
134
What is the remainder when 5455 is divided by 15?
10
Calculate the remainder when 241 is divided by 240.
1
What is the remainder when 130 is divided by 7?
4
Calculate the remainder when 860 is divided by 421.
18
What is the remainder when 5303 is divided by 136?
135
What is the remainder when 262 is divided by 126?
10
Calculate the remainder when 67 is divided by 9.
4
What is the remainder when 250 is divided by 27?
7
What is the remainder when 161 is divided by 82?
79
Calculate the remainder when 143 is divided by 44.
11
What is the remainder when 17 is divided by 6?
5
Calculate the remainder when 928 is divided by 55.
48
What is the remainder when 246 is divided by 63?
57
Calculate the remainder when 166 is divided by 90.
76
What is the remainder when 137 is divided by 24?
17
Calculate the remainder when 887 is divided by 169.
42
Calculate the remainder when 294 is divided by 50.
44
What is the remainder when 1831 is divided by 16?
7
What is the remainder when 8157 is divided by 20?
17
What is the remainder when 39591 is divided by 17?
15
What is the remainder when 2577 is divided by 89?
85
What is the remainder when 295 is divided by 33?
31
Calculate the remainder when 21600 is divided by 14.
12
What is the remainder when 670 is divided by 42?
40
What is the remainder when 4220 is divided by 44?
40
What is the remainder when 159 is divided by 15?
9
What is the remainder when 1813 is divided by 33?
31
Calculate the remainder when 106 is divided by 18.
16
Calculate the remainder when 1360 is divided by 6.
4
What is the remainder when 2130 is divided by 31?
22
What is the remainder when 52 is divided by 5?
2
What is the remainder when 840 is divided by 579?
261
Calculate the remainder when 52 is divided by 51.
1
Calculate the remainder when 225 is divided by 99.
27
Calculate the remainder when 69 is divided by 29.
11
What is the remainder when 9 is divided by 9?
0
What is the remainder when 476 is divided by 96?
92
What is the remainder when 224 is divided by 132?
92
What is the remainder when 41 is divided by 6?
5
What is the remainder when 981 is divided by 18?
9
Calculate the remainder when 510 is divided by 16.
14
What is the remainder when 636 is divided by 222?
192
What is the remainder when 41 is divided by 29?
12
What is the remainder when 25784 is divided by 191?
190
Calculate the remainder when 1512 is divided by 175.
112
Calculate the remainder when 180 is divided by 13.
11
Calculate the remainder when 170 is divided by 29.
25
What is the remainder when 1529 is divided by 254?
5
What is the remainder when 176 is divided by 12?
8
Calculate the remainder when 420 is divided by 128.
36
What is the remainder when 94 is divided by 2?
0
Calculate the remainder when 72 is divided by 7.
2
Calculate the remainder when 156 is divided by 23.
18
Calculate the remainder when 221 is divided by 131.
90
What is the remainder when 303 is divided by 38?
37
What is the remainder when 102 is divided by 22?
14
What is the remainder when 6858 is divided by 98?
96
What is the remainder when 48 is divided by 17?
14
Calculate the remainder when 233 is divided by 18.
17
Calculate the remainder when 162 is divided by 71.
20
Calculate the remainder when 83 is divided by 12.
11
What is the remainder when 237 is divided by 10?
7
Calculate the remainder when 54 is divided by 18.
0
What is the remainder when 803 is divided by 262?
17
Calculate the remainder when 440 is divided by 3.
2
Calculate the remainder when 49 is divided by 27.
22
What is the remainder when 2404 is divided by 38?
10
Calculate the remainder when 1313 is divided by 651.
11
Calculate the remainder when 169 is divided by 87.
82
Calculate the remainder when 739 is divided by 83.
75
What is the remainder when 41 is divided by 10?
1
Calculate the remainder when 1950 is divided by 649.
3
What is the remainder when 118 is divided by 10?
8
Calculate the remainder when 356 is divided by 92.
80
Calculate the remainder when 97 is divided by 10.
7
Calculate the remainder when 59 is divided by 16.
11
Calculate the remainder when 635 is divided by 40.
35
What is the remainder when 751 is divided by 14?
9
Calculate the remainder when 486 is divided by 126.
108
Calculate the remainder when 28927 is divided by 113.
112
Calculate the remainder when 62 is divided by 19.
5
Calculate the remainder when 367 is divided by 198.
169
What is the remainder when 158 is divided by 36?
14
Calculate the remainder when 315 is divided by 63.
0
What is the remainder when 301 is divided by 5?
1
Calculate the remainder when 23534 is divided by 9.
8
What is the remainder when 61 is divided by 16?
13
What is the remainder when 249 is divided by 28?
25
Calculate the remainder when 1697 is divided by 43.
20
Calculate the remainder when 13 is divided by 7.
6
Calculate the remainder when 12781 is divided by 272.
269
What is the remainder when 49 is divided by 19?
11
Calculate the remainder when 157 is divided by 79.
78
Calculate the remainder when 147682 is divided by 186.
184
Calculate the remainder when 782 is divided by 16.
14
Calculate the remainder when 121 is divided by 110.
11
What is the remainder when 290 is divided by 97?
96
What is the remainder when 74 is divided by 48?
26
Calculate the remainder when 90 is divided by 23.
21
What is the remainder when 300 is divided by 149?
2
What is the remainder when 77 is divided by 1?
0
Calculate the remainder when 4320 is divided by 15.
0
What is the remainder when 2398 is divided by 89?
84
What is the remainder when 3185 is divided by 54?
53
Calculate the remainder when 1418 is divided by 16.
10
What is the remainder when 787 is divided by 44?
39
Calculate the remainder when 947 is divided by 254.
185
What is the remainder when 849 is divided by 420?
9
What is the remainder when 423 is divided by 86?
79
What is the remainder when 86 is divided by 31?
24
What is the remainder when 2142 is divided by 83?
67
What is the remainder when 138 is divided by 22?
6
Calculate the remainder when 1647 is divided by 24.
15
What is the remainder when 69 is divided by 19?
12
Calculate the remainder when 178 is divided by 45.
43
Calculate the remainder when 302 is divided by 92.
26
What is the remainder when 827 is divided by 104?
99
Calculate the remainder when 2177 is divided by 721.
14
What is the remainder when 3638 is divided by 14?
12
What is the remainder when 3171 is divided by 3163?
8
What is the remainder when 82 is divided by 4?
2
What is the remainder when 1934 is divided by 102?
98
What is the remainder when 1637 is divided by 21?
20
Calculate the remainder when 174 is divided by 36.
30
What is the remainder when 3166 is divided by 24?
22
What is the remainder when 533 is divided by 98?
43
Calculate the remainder when 1328 is divided by 660.
8
What is the remainder when 17 is divided by 7?
3
Calculate the remainder when 536 is divided by 175.
11
Calculate the remainder when 1482 is divided by 106.
104
What is the remainder when 3837 is divided by 19?
18
Calculate the remainder when 174 is divided by 170.
4
Calculate the remainder when 325 is divided by 75.
25
What is the remainder when 5190 is divided by 1722?
24
Calculate the remainder when 175 is divided by 32.
15
Calculate the remainder when 199 is divided by 10.
9
What is the remainder when 239 is divided by 76?
11
What is the remainder when 66 